0 is divided by 531.
499
What is the remainder when 144428 is divided by 549?
41
What is the remainder when 99213940 is divided by 2610893?
6
What is the remainder when 225373 is divided by 1644?
145
What is the remainder when 3198187 is divided by 1599087?
13
What is the remainder when 4768502 is divided by 821?
134
Calculate the remainder when 27194692 is divided by 2538.
22
What is the remainder when 115184289 is divided by 196?
185
Calculate the remainder when 64674 is divided by 1650.
324
Calculate the remainder when 433891 is divided by 37.
29
What is the remainder when 8193185 is divided by 6376?
25
What is the remainder when 269083 is divided by 166?
163
What is the remainder when 10065783 is divided by 172?
171
What is the remainder when 9444946 is divided by 11?
5
Calculate the remainder when 892025 is divided by 140.
85
What is the remainder when 91408 is divided by 924?
856
What is the remainder when 69271 is divided by 824?
55
What is the remainder when 646416 is divided by 523?
511
What is the remainder when 3661601 is divided by 366151?
91
Calculate the remainder when 3455176 is divided by 575858.
28
What is the remainder when 6779728 is divided by 233783?
21
Calculate the remainder when 301456 is divided by 10080.
9136
Calculate the remainder when 262890 is divided by 34.
2
What is the remainder when 60587 is divided by 19835?
1082
What is the remainder when 2041657 is divided by 502?
23
What is the remainder when 2893533 is divided by 179?
177
Calculate the remainder when 22740953 is divided by 2067359.
4
What is the remainder when 308395 is divided by 621?
379
What is the remainder when 1378348 is divided by 675?
673
What is the remainder when 444318083 is divided by 34?
31
Calculate the remainder when 18551 is divided by 4578.
239
What is the remainder when 701873 is divided by 3080?
2713
What is the remainder when 679588 is divided by 2396?
1520
What is the remainder when 16423 is divided by 1414?
869
What is the remainder when 11967250 is divided by 145?
110
What is the remainder when 1171614 is divided by 23?
17
Calculate the remainder when 112578 is divided by 3352.
1962
What is the remainder when 708561 is divided by 1773?
1134
What is the remainder when 399166259 is divided by 23?
17
Calculate the remainder when 14685991 is divided by 20454.
19
What is the remainder when 9345454 is divided by 20?
14
What is the remainder when 1082165 is divided by 130?
45
Calculate the remainder when 74463 is divided by 1657.
1555
Calculate the remainder when 1817065 is divided by 27.
19
What is the remainder when 3027410 is divided by 1668?
1658
What is the remainder when 300640 is divided by 299485?
1155
What is the remainder when 1208757 is divided by 3367?
4
What is the remainder when 29973236 is divided by 81?
77
What is the remainder when 1799666 is divided by 27?
8
What is the remainder when 207412 is divided by 1904?
1780
What is the remainder when 11602524 is divided by 274?
268
Calculate the remainder when 11292 is divided by 3892.
3508
What is the remainder when 22347 is divided by 10949?
449
What is the remainder when 137345 is divided by 34137?
797
What is the remainder when 948505 is divided by 137?
54
What is the remainder when 145946 is divided by 194?
58
Calculate the remainder when 2992329 is divided by 269.
242
What is the remainder when 27555087 is divided by 1005?
1002
What is the remainder when 1441449 is divided by 297?
108
What is the remainder when 35337 is divided by 108?
21
Calculate the remainder when 1977863 is divided by 1977846.
17
What is the remainder when 11641504 is divided by 3271?
15
Calculate the remainder when 1306186 is divided by 1306142.
44
What is the remainder when 587414 is divided by 2232?
398
Calculate the remainder when 1148091 is divided by 143510.
11
Calculate the remainder when 108842490 is divided by 44.
42
What is the remainder when 132271055 is divided by 20?
15
Calculate the remainder when 241413 is divided by 3893.
47
What is the remainder when 29624653 is divided by 7743?
7678
Calculate the remainder when 4065223 is divided by 20.
3
What is the remainder when 74985696 is divided by 266853?
3
Calculate the remainder when 13048030 is divided by 3167.
3157
What is the remainder when 4169747 is divided by 47?
1
Calculate the remainder when 7937268 is divided by 520.
508
Calculate the remainder when 34191327 is divided by 298.
297
Calculate the remainder when 232465 is divided by 15492.
85
What is the remainder when 2406681 is divided by 1380?
1341
Calculate the remainder when 6250518 is divided by 1535.
1533
Calculate the remainder when 317948818 is divided by 4724.
4722
Calculate the remainder when 424267 is divided by 351.
259
Calculate the remainder when 5431520 is divided by 15300.
20
What is the remainder when 1898112 is divided by 7534?
7078
Calculate the remainder when 1690313 is divided by 47.
5
What is the remainder when 4706972 is divided by 208?
140
Calculate the remainder when 333490 is divided by 1226.
18
Calculate the remainder when 88069464 is divided by 262.
260
Calculate the remainder when 2733513 is divided by 554.
77
Calculate the remainder when 653244 is divided by 101.
77
What is the remainder when 21870860 is divided by 37?
12
What is the remainder when 72356 is divided by 22369?
5249
Calculate the remainder when 49036245 is divided by 5132.
5117
What is the remainder when 60780436 is divided by 2867?
36
Calculate the remainder when 129710596 is divided by 39.
28
Calculate the remainder when 1994065 is divided by 4470.
445
Calculate the remainder when 2084912 is divided by 355.
352
What is the remainder when 12503853 is divided by 1233?
0
Calculate the remainder when 4881234 is divided by 1627076.
6
Calculate the remainder when 147556386 is divided by 4037.
4036
What is the remainder when 513014 is divided by 256462?
90
Calculate the remainder when 221455 is divided by 18004.
5407
Calculate the remainder when 72209273 is divided by 577674.
23
What is the remainder when 36607 is divided by 184?
175
Calculate the remainder when 20832920 is divided by 1674.
1664
Calculate the remainder when 4643294 is divided by 3163.
10
What is the remainder when 123072521 is divided by 41024170?
11
Calculate the remainder when 294875201 is divided by 468800.
1
What is the remainder when 1226001 is divided by 7612?
469
Calculate the remainder when 5134818 is divided by 1424.
1298
What is the remainder when 1176158 is divided by 587530?
1098
What is the remainder when 963951 is divided by 1001?
989
Calculate the remainder when 5640434 is divided by 23900.
34
Calculate the remainder when 48535954 is divided by 809.
808
What is the remainder when 220748 is divided by 3060?
428
What is the remainder when 1194715 is divided by 73?
70
Calculate the remainder when 154836 is divided by 14074.
22
Calculate the remainder when 66046150 is divided by 2499.
79
Calculate the remainder when 17898069 is divided by 28.
21
Calculate the remainder when 95713 is divided by 23821.
429
What is the remainder when 1904 is divided by 622?
38
What is the remainder when 411319 is divided by 175?
69
What is the remainder when 2302459 is divided by 32420?
639
What is the remainder when 124293 is divided by 6094?
2413
What is the remainder when 799615 is divided by 75?
40
What is the remainder when 9462881 is divided by 899?
7
What is the remainder when 1648833 is divided by 443?
430
What is the remainder when 11468686 is divided by 642?
640
Calculate the remainder when 32417117 is divided by 2947008.
29
Calculate the remainder when 4327202 is divided by 557.
426
What is the remainder when 145614 is divided by 2602?
2504
What is the remainder when 150213024 is divided by 50070995?
39
Calculate the remainder when 26075906 is divided by 70.
66
Calculate the remainder when 4291 is divided by 4167.
124
What is the remainder when 8745422 is divided by 6897?
26
Calculate the remainder when 19993375 is divided by 33.
28
What is the remainder when 9489665 is divided by 461?
441
Calculate the remainder when 115744845 is divided by 1563.
6
What is the remainder when 8443456 is divided by 2862?
556
What is the remainder when 7623548 is divided by 1849?
121
Calculate the remainder when 377224 is divided by 3398.
46
W